n base 12?
592b78
-30b291 (base 15) to base 2
-1000110101011000111100
2aa821 (base 11) to base 9
815258
Convert 11001010000101010 (base 2) to base 3.
12020221002
What is 120833 (base 15) in base 8?
3224411
-234376 (base 14) to base 7
-13136006
Convert -4003d (base 16) to base 4.
-1000000331
Convert 35bda1 (base 15) to base 12.
a40137
What is 121201044 (base 5) in base 2?
10001010111001000011
What is -386446 (base 9) in base 12?
-b3773
What is -256ac7 (base 14) in base 11?
-7a9489
3a391 (base 15) to base 8
554104
4033121 (base 7) to base 10
478892
What is 1e5316 (base 16) in base 13?
547761
-63811 (base 10) to base 12
-30b17
What is 1121021220012 (base 3) in base 2?
11010000000010011101
Convert -132335 (base 9) to base 15.
-18c95
-1001220111010 (base 3) to base 11
-35952a
-138747 (base 11) to base 15
-4424a
-17cb4 (base 13) to base 2
-1011010000100011
1414434 (base 5) to base 12
14bb5
Convert 7a22b9 (base 12) to base 6.
105505553
2112001220202 (base 3) to base 2
101000111000111000001
What is c5571 (base 14) in base 15?
95e96
Convert 200343111 (base 6) to base 8.
14732023
Convert -13321342 (base 5) to base 4.
-201022213
-11110010001111001 (base 2) to base 13
-445b5
Convert -13b746 (base 13) to base 10.
-482384
What is 7584c (base 13) in base 8?
636550
-101243334 (base 5) to base 15
-8317e
Convert -10000011010110101110 (base 2) to base 6.
-15310514
-14610102 (base 7) to base 13
-39c0ab
Convert -11212011201102 (base 3) to base 9.
-4764642
What is -23d6c9 (base 15) in base 9?
-3204860
What is -4426329 (base 11) in base 8?
-35504056
Convert -10af57 (base 16) to base 2.
-100001010111101010111
Convert 40720355 (base 8) to base 9.
17207183
Convert -63174 (base 12) to base 10.
-129832
-57913 (base 10) to base 14
-17169
Convert 241231102 (base 5) to base 10.
1117652
What is 101322 (base 11) in base 16?
27bd1
Convert 100000111011010 (base 2) to base 4.
10013122
What is 4801 (base 11) in base 3?
22122002
20711 (base 15) to base 11
702a2
-30e (base 16) to base 3
-1001222
-201208 (base 10) to base 14
-53480
347567 (base 10) to base 14
90943
What is 1953c (base 16) in base 12?
50050
What is 4245334 (base 7) in base 15?
a2c01
What is 181bbb4 (base 14) in base 8?
55320102
Convert 10a2032 (base 12) to base 11.
1893917
Convert -12212220210 (base 4) to base 3.
-10020221122010
Convert 20140 (base 14) to base 15.
17c8e
-17175 (base 15) to base 7
-430310
-1adbd (base 16) to base 6
-2205153
-3142130 (base 6) to base 7
-1206162
Convert 3c345 (base 15) to base 6.
4050015
What is -6e9a6 (base 15) in base 7?
-3000453
Convert -11461d (base 14) to base 15.
-b952e
Convert 190b (base 13) to base 4.
322101
Convert -214928 (base 10) to base 13.
-76a9c
What is 4068f (base 16) in base 10?
263823
What is -4300144 (base 5) in base 6?
-1312552
Convert -2202011211 (base 3) to base 7.
-313441
1010222103 (base 4) to base 5
32444420
What is -258546 (base 9) in base 13?
-5670c
Convert 3011355 (base 10) to base 7.
34411314
Convert 21210023 (base 5) to base 14.
4920b
534a5 (base 11) to base 15
180b7
-32b57 (base 13) to base 15
-1c3dd
Convert -159091 (base 10) to base 16.
-26d73
1011101111011010010000 (base 2) to base 3
12210100220201
4414410 (base 7) to base 3
1000112012200
Convert 42dc2b (base 14) to base 8.
10512117
What is 10000202210020 (base 3) in base 14?
2dc788
What is 100211010201111 (base 3) in base 8?
23720624
Convert -3c400 (base 14) to base 6.
-3105344
Convert 14710 (base 12) to base 10.
28668
What is -1073013 (base 9) in base 16?
-8d7ef
Convert 16363527 (base 9) to base 16.
7cfb19
-2706703 (base 8) to base 9
-1373588
-1104511 (base 11) to base 13
-52b496
What is -20363352 (base 9) in base 2?
-100101010100111001100000
35a54 (base 14) to base 11
8a473
Convert -1110001000110100 (base 2) to base 6.
-1124032
-1227263 (base 8) to base 2
-1010010111010110011
-1010101101101011001 (base 2) to base 5
-42213230
Convert -111100000010111001110 (base 2) to base 8.
-7402716
Convert 11437241 (base 8) to base 7.
30206202
-10001000001010100011 (base 2) to base 9
-1040051
-23130211000 (base 4) to base 13
-810a36
10010000100101100 (base 2) to base 3
10202112210
2002002122022 (base 3) to base 7
12246110
-199d160 (base 14) to base 7
-213246550
Convert -9ad17 (base 14) to base 12.
-161549
What is 100110210201020 (base 3) in base 14?
950ca5
-20211120111000 (base 3) to base 5
-1412223313
-1110220 (base 4) to base 12
-3174
Convert -13087 (base 15) to base 12.
-2b291
-1221112120 (base 3) to base 6
-453153
-b124 (base 13) to base 10
-24366
Convert -110101011100000001011111 (base 2) to base 11.
-79a8803
-884974 (base 12) to base 9
-4058537
Convert 463151 (base 7) to base 12.
3ba78
-11001000011001000 (base 2) to base 8
-310310
87ebde (base 15) to base 7
106034054
Convert -26044 (base 16) to base 10.
-155716
Convert -6281 (base 11) to base 5.
-231232
-1130305130 (base 6) to base 9
-25666500
-1042334455 (base 6) to base 16
-acb6e3
Convert -143033112 (base 5) to base 4.
-2313222122
Convert 634265 (base 7) to base 12.
534a2
What is -279bb1 (base 13) in base 5?
-221324124
Convert 2051ab3 (base 12) to base 8.
27140747
Convert 11455135 (base 6) to base 15.
73395
What is 3881602 (base 9) in base 16?
205ae4
What is 2442233032 (base 5) in base 6?
324433053
Convert -313971a (base 11) to base 3.
-101102002011120
Convert -15056184 (base 10) to base 15.
-14c6159
Convert 666642 (base 9) to base 14.
a5366
110010000111110010111 (base 2) to base 3
10002102221022
Convert 31323243 (base 5) to base 16.
3fbd1
-40380 (base 14) to base 13
-55352
What is 850559 (base 11) in base 5?
322043112
Convert -1001110101001001 (base 2) to base 16.
-9d49
What is 301131332130 (base 4) in base 16?
c5df9c
Convert 23700101 (base 8) to base 10.
5210177
Convert -20341330 (base 5) to base 14.
-454c4
20045231 (base 6) to base 13
16a95c
132472 (base 8) to base 14
12c9c
What is 100011110100000111 (base 2) in base 11?
a023a
Convert -1959259 (base 12) to base 13.
-1151b77
34611 (base 9) to base 14
85b9
110111111000100101001 (base 2) to base 6
103125453
What is 115404405 (base 6) in base 13?
5cb94c
243500515 (base 6) to base 12
168773b
3354013 (base 6) to base 3
22200002100
-803a (base 13) to base 16
-44d9
What is 220122020120221 (base 3) in base 8?
61746157
Convert -1861498 (base 10) to base 13.
-5023a2
286a1 (base 14) to base 2
11000011100000101
12646 (base 9) to base 7
33630
What is 2306162 (base 8) in base 3?
1011210101222
104201240 (base 5) to base 8
1601462
411325 (base 8) to base 15
2a3e8
1010000111010111110 (base 2) to base 7
2550224
3dbb98 (base 14) to base 10
2145354
Convert 1000010000000111010 (base 2) to base 13.
960c7
Convert -3520532 (base 7) to base 13.
-126290
-30a50b (base 12) to base 2
-10111010101001011011
Convert -334935 (base 10) to base 15.
-69390
What is -12210022102102 (base 3) in base 14?
-5a1356
What is 1215369 (base 12) in base 16?
359cc1
What is 69666 (base 11) in base 16?
1890f
What is -a3ea4 (base 16) in base 14?
-13696c
-44241002 (base 5) to base 3
-201111120200
Convert 25514331 (base 6) to base 9.
1511421
Convert -50b9d3 (base 14) to base 15.
-38b46d
Convert 16457662 (base 8) to base 14.
718242
What is 420110 (base 9) in base 15?
4dd73
100001000110110011010 (base 2) to base 3
2001010002202
Convert 421115042 (base 6) to base 14.
d8d24a
-1100010110110111 (base 2) to base 12
-2535b
What is -20255264 (base 7) in base 8?
-6355544
Convert 113131303 (base 4) to base 11.
66238
Convert 34066002 (base 7) to base 14.
56dc39
Convert 21201457 (base 9) to base 5.
10103412312
What is -1a239b (base 14) in base 15?
-13504c
Convert -78038 (base 11) to base 6.
-2231544
What is -772062 (base 8) in base 2?
-111111010000110010
What is -122030203 (base 4) in base 7?
-624553
101011110100001 (base 2) to base 14
8265
What is 101110010000111000000 (base 2) in base 7?
15612506
49d26 (base 14) to base 11
113a43
Convert 2143210 (base 5) to base 14.
d849
-1200114242 (base 5) to base 2
-1010011100101000001001
323141142 (base 5) to base 8
5210675
What is 299a37 (base 16) in base 5?
1144221310
Convert 612920 (base 11) to base 14.
1b8c12
Convert -1991ea (base 16) to base 8.
-6310752
-1110100000010010000 (base 2) to base 16
-74090
676168 (base 9) to base 13
1122b9
-211011211020 (base 3) to base 9
-734736
-2552335 (base 6) to base 4
-201333203
What is 97